[INFO] cloning repository https://github.com/Ryan1729/rote
[INFO] running `Command { std: "git" "-c" "credential.helper=" "-c" "credential.helper=/workspace/cargo-home/bin/git-credential-null" "clone" "--bare" "https://github.com/Ryan1729/rote" "/workspace/cache/git-repos/https%3A%2F%2Fgithub.com%2FRyan1729%2Frote", kill_on_drop: false }`
[INFO] [stderr] Cloning into bare repository '/workspace/cache/git-repos/https%3A%2F%2Fgithub.com%2FRyan1729%2Frote'...
[INFO] running `Command { std: "git" "rev-parse" "HEAD", kill_on_drop: false }`
[INFO] [stdout] 5e0012a176e682dcc710a6c46bf29eb9ca295ae7
[INFO] checking Ryan1729/rote against master#9610dfe5a9a731ced1ea4923ecbd0c57fe367898 for beta-170-4
[INFO] running `Command { std: "git" "clone" "/workspace/cache/git-repos/https%3A%2F%2Fgithub.com%2FRyan1729%2Frote" "/workspace/builds/worker-3-tc1/source", kill_on_drop: false }`
[INFO] [stderr] Cloning into '/workspace/builds/worker-3-tc1/source'...
[INFO] [stderr] done.
[INFO] validating manifest of git repo https://github.com/Ryan1729/rote on toolchain 9610dfe5a9a731ced1ea4923ecbd0c57fe367898
[INFO] running `Command { std: CARGO_HOME="/workspace/cargo-home" RUSTUP_HOME="/workspace/rustup-home" "/workspace/cargo-home/bin/cargo" "+9610dfe5a9a731ced1ea4923ecbd0c57fe367898" "metadata" "--manifest-path" "Cargo.toml" "--no-deps", kill_on_drop: false }`
[INFO] started tweaking git repo https://github.com/Ryan1729/rote
[INFO] finished tweaking git repo https://github.com/Ryan1729/rote
[INFO] tweaked toml for git repo https://github.com/Ryan1729/rote written to /workspace/builds/worker-3-tc1/source/Cargo.toml
[INFO] crate git repo https://github.com/Ryan1729/rote already has a lockfile, it will not be regenerated
[INFO] running `Command { std: CARGO_HOME="/workspace/cargo-home" RUSTUP_HOME="/workspace/rustup-home" "/workspace/cargo-home/bin/cargo" "+9610dfe5a9a731ced1ea4923ecbd0c57fe367898" "fetch" "--manifest-path" "Cargo.toml", kill_on_drop: false }`
[INFO] [stderr]     Updating git repository `https://github.com/TyOverby/flame.git`
[INFO] [stderr]     Updating crates.io index
[INFO] [stderr]  Downloading crates ...
[INFO] [stderr]   Downloaded atomicwrites v0.3.1
[INFO] [stderr]   Downloaded str_indices v0.4.0
[INFO] [stderr]   Downloaded vec1 v1.8.0
[INFO] [stderr]   Downloaded x11-clipboard v0.6.1
[INFO] [stderr]   Downloaded ttf-parser v0.15.1
[INFO] [stderr]   Downloaded xcb v1.1.1
[INFO] [stderr]   Downloaded tree-sitter v0.17.1
[INFO] [stderr]   Downloaded spin_sleep v0.3.7
[INFO] [stderr]   Downloaded ropey v1.5.0
[INFO] [stderr]   Downloaded rfd v0.8.4
[INFO] [stderr]   Downloaded gl33 v0.2.1
[INFO] running `Command { std: "docker" "create" "-v" "/var/lib/crater-agent-workspace/builds/worker-3-tc1/target:/opt/rustwide/target:rw,Z" "-v" "/var/lib/crater-agent-workspace/builds/worker-3-tc1/source:/opt/rustwide/workdir:ro,Z" "-v" "/var/lib/crater-agent-workspace/cargo-home:/opt/rustwide/cargo-home:ro,Z" "-v" "/var/lib/crater-agent-workspace/rustup-home:/opt/rustwide/rustup-home:ro,Z" "-e" "SOURCE_DIR=/opt/rustwide/workdir" "-e" "CARGO_TARGET_DIR=/opt/rustwide/target" "-e" "CARGO_HOME=/opt/rustwide/cargo-home" "-e" "RUSTUP_HOME=/opt/rustwide/rustup-home" "-w" "/opt/rustwide/workdir" "-m" "1610612736" "--user" "0:0" "--network" "none" "ghcr.io/rust-lang/crates-build-env/linux@sha256:19e73879b68f455e41552ea35293514db52ea292d993f571636dbffedb77a1ee" "/opt/rustwide/cargo-home/bin/cargo" "+9610dfe5a9a731ced1ea4923ecbd0c57fe367898" "metadata" "--no-deps" "--format-version=1", kill_on_drop: false }`
[INFO] [stdout] fcacbe4fdf4d1e5b2689640d6e9ab8dc773115c6d269019ae73036fef82701d8
[INFO] running `Command { std: "docker" "start" "-a" "fcacbe4fdf4d1e5b2689640d6e9ab8dc773115c6d269019ae73036fef82701d8", kill_on_drop: false }`
[INFO] running `Command { std: "docker" "inspect" "fcacbe4fdf4d1e5b2689640d6e9ab8dc773115c6d269019ae73036fef82701d8", kill_on_drop: false }`
[INFO] running `Command { std: "docker" "rm" "-f" "fcacbe4fdf4d1e5b2689640d6e9ab8dc773115c6d269019ae73036fef82701d8", kill_on_drop: false }`
[INFO] [stdout] fcacbe4fdf4d1e5b2689640d6e9ab8dc773115c6d269019ae73036fef82701d8
[INFO] running `Command { std: "docker" "create" "-v" "/var/lib/crater-agent-workspace/builds/worker-3-tc1/target:/opt/rustwide/target:rw,Z" "-v" "/var/lib/crater-agent-workspace/builds/worker-3-tc1/source:/opt/rustwide/workdir:ro,Z" "-v" "/var/lib/crater-agent-workspace/cargo-home:/opt/rustwide/cargo-home:ro,Z" "-v" "/var/lib/crater-agent-workspace/rustup-home:/opt/rustwide/rustup-home:ro,Z" "-e" "SOURCE_DIR=/opt/rustwide/workdir" "-e" "CARGO_TARGET_DIR=/opt/rustwide/target" "-e" "CARGO_INCREMENTAL=0" "-e" "RUST_BACKTRACE=full" "-e" "RUSTFLAGS=--cap-lints=forbid" "-e" "RUSTDOCFLAGS=--cap-lints=forbid" "-e" "CARGO_HOME=/opt/rustwide/cargo-home" "-e" "RUSTUP_HOME=/opt/rustwide/rustup-home" "-w" "/opt/rustwide/workdir" "-m" "1610612736" "--user" "0:0" "--network" "none" "ghcr.io/rust-lang/crates-build-env/linux@sha256:19e73879b68f455e41552ea35293514db52ea292d993f571636dbffedb77a1ee" "/opt/rustwide/cargo-home/bin/cargo" "+9610dfe5a9a731ced1ea4923ecbd0c57fe367898" "check" "--frozen" "--all" "--all-targets" "--message-format=json", kill_on_drop: false }`
[INFO] [stdout] 1a83438e15d843fe6016ede92a486ce09bf3f1819df2bb055e49c7c019d370f2
[INFO] running `Command { std: "docker" "start" "-a" "1a83438e15d843fe6016ede92a486ce09bf3f1819df2bb055e49c7c019d370f2", kill_on_drop: false }`
[INFO] [stderr]    Compiling libc v0.2.126
[INFO] [stderr]    Compiling libm v0.2.6
[INFO] [stderr]    Compiling num-traits v0.2.15
[INFO] [stderr]     Checking bit-vec v0.6.3
[INFO] [stderr]     Checking unarray v0.1.4
[INFO] [stderr]     Checking quick-error v2.0.1
[INFO] [stderr]     Checking byteorder v1.4.3
[INFO] [stderr]     Checking macros v0.1.0 (/opt/rustwide/workdir/libs/macros)
[INFO] [stderr]    Compiling perf_viz_proc_macro v0.1.0 (/opt/rustwide/workdir/libs/perf_viz/libs/perf_viz_proc_macro)
[INFO] [stderr]     Checking rustc-hash v1.1.0
[INFO] [stderr]     Checking vec1 v1.8.0
[INFO] [stderr]     Checking fast_hash v0.1.0 (/opt/rustwide/workdir/libs/fast_hash)
[INFO] [stderr]     Checking move_mod v0.1.0 (/opt/rustwide/workdir/libs/move_mod)
[INFO] [stderr]     Checking bit-set v0.5.2
[INFO] [stderr]     Checking is_linebreak_char v0.1.0 (/opt/rustwide/workdir/libs/is_linebreak_char)
[INFO] [stderr]     Checking str_indices v0.4.0
[INFO] [stderr]    Compiling serde v1.0.137
[INFO] [stderr]    Compiling proc-macro2 v1.0.39
[INFO] [stderr]     Checking ropey v1.5.0
[INFO] [stderr]    Compiling unicode-ident v1.0.0
[INFO] [stderr]     Checking perf_viz v0.1.0 (/opt/rustwide/workdir/libs/perf_viz)
[INFO] [stderr]    Compiling smallvec v1.8.0
[INFO] [stderr]     Checking if_changed v0.1.0 (/opt/rustwide/workdir/libs/if_changed)
[INFO] [stderr]    Compiling version-compare v0.1.0
[INFO] [stderr]    Compiling crossbeam-utils v0.7.2
[INFO] [stderr]    Compiling cfg-expr v0.10.3
[INFO] [stderr]    Compiling memoffset v0.5.6
[INFO] [stderr]    Compiling quote v1.0.18
[INFO] [stderr]    Compiling crossbeam-epoch v0.8.2
[INFO] [stderr]    Compiling wayland-scanner v0.29.4
[INFO] [stderr]    Compiling wayland-sys v0.29.4
[INFO] [stderr]     Checking libloading v0.7.3
[INFO] [stderr]    Compiling khronos_api v3.1.0
[INFO] [stderr]     Checking dlib v0.5.0
[INFO] [stderr]     Checking ttf-parser v0.6.2
[INFO] [stderr]    Compiling log v0.4.17
[INFO] [stderr]     Checking crossbeam-deque v0.7.4
[INFO] [stderr]     Checking getrandom v0.2.6
[INFO] [stderr]     Checking tempfile v3.3.0
[INFO] [stderr]     Checking wait-timeout v0.2.0
[INFO] [stderr]     Checking num_cpus v1.13.1
[INFO] [stderr]     Checking nix v0.22.3
[INFO] [stderr]     Checking ab_glyph_rasterizer v0.1.5
[INFO] [stderr]     Checking rand_core v0.6.4
[INFO] [stderr]     Checking rusty-fork v0.3.0
[INFO] [stderr]     Checking rand_chacha v0.3.1
[INFO] [stderr]     Checking rand_xorshift v0.3.0
[INFO] [stderr]    Compiling gl_generator v0.14.0
[INFO] [stderr]     Checking scoped-tls v1.0.0
[INFO] [stderr]     Checking rand v0.8.5
[INFO] [stderr]     Checking owned_ttf_parser v0.6.0
[INFO] [stderr]     Checking nom v7.1.1
[INFO] [stderr]    Compiling smithay-client-toolkit v0.15.4
[INFO] [stderr]     Checking rusttype v0.9.2
[INFO] [stderr]    Compiling wayland-client v0.29.4
[INFO] [stderr]    Compiling wayland-protocols v0.29.4
[INFO] [stderr]     Checking instant v0.1.12
[INFO] [stderr]     Checking parking_lot_core v0.8.5
[INFO] [stderr]     Checking x11-dl v2.19.1
[INFO] [stderr]     Checking proptest v1.1.0
[INFO] [stderr]    Compiling glutin_glx_sys v0.1.7
[INFO] [stderr]    Compiling glutin_egl_sys v0.1.5
[INFO] [stderr]     Checking memmap2 v0.3.1
[INFO] [stderr]     Checking xcursor v0.3.4
[INFO] [stderr]     Checking linebreak v0.1.0 (/opt/rustwide/workdir/libs/platform_layer/libs/window_layer/gl_layer/text_rendering/linebreak)
[INFO] [stderr]    Compiling winit v0.26.1
[INFO] [stderr]    Compiling toml v0.5.9
[INFO] [stderr]     Checking chlorine v1.0.10
[INFO] [stderr]     Checking gl33 v0.2.1
[INFO] [stderr]     Checking parking_lot v0.11.2
[INFO] [stderr]     Checking mio v0.8.3
[INFO] [stderr]     Checking shared_library v0.1.9
[INFO] [stderr]     Checking osmesa-sys v0.1.2
[INFO] [stderr]     Checking shared v0.1.0 (/opt/rustwide/workdir/libs/platform_layer/libs/shared)
[INFO] [stderr]     Checking aho-corasick v0.7.18
[INFO] [stderr]     Checking wayland-commons v0.29.4
[INFO] [stderr]     Checking calloop v0.9.3
[INFO] [stderr]    Compiling memchr v2.5.0
[INFO] [stderr]     Checking spin_sleep v0.3.7
[INFO] [stderr]    Compiling tree-sitter v0.17.1
[INFO] [stderr]     Checking proptest_wrapper v0.1.0 (/opt/rustwide/workdir/libs/proptest_wrapper)
[INFO] [stderr]     Checking pos_f32 v0.1.0 (/opt/rustwide/workdir/libs/pos_f32)
[INFO] [stderr]     Checking non_neg_f32 v0.1.0 (/opt/rustwide/workdir/libs/non_neg_f32)
[INFO] [stderr]     Checking vec1 v0.1.0 (/opt/rustwide/workdir/libs/vec1)
[INFO] [stderr]     Checking abs v0.1.0 (/opt/rustwide/workdir/libs/abs)
[INFO] [stderr]     Checking text_pos v0.1.0 (/opt/rustwide/workdir/libs/text_pos)
[INFO] [stderr]     Checking arb_macros v0.1.0 (/opt/rustwide/workdir/libs/arb_macros)
[INFO] [stderr]     Checking f32_0_1 v0.1.0 (/opt/rustwide/workdir/libs/f32_0_1)
[INFO] [stderr]     Checking g_i v0.1.0 (/opt/rustwide/workdir/libs/g_i)
[INFO] [stderr]     Checking pub_arb_abs v0.1.0 (/opt/rustwide/workdir/libs/pub_arb/abs)
[INFO] [stderr]     Checking screen_space v0.1.0 (/opt/rustwide/workdir/libs/screen_space)
[INFO] [stderr]     Checking pub_arb_f32_0_1 v0.1.0 (/opt/rustwide/workdir/libs/pub_arb/f32_0_1)
[INFO] [stderr]     Checking panic_safe_rope v0.1.0 (/opt/rustwide/workdir/libs/panic_safe_rope)
[INFO] [stderr]     Checking pub_arb_non_neg_f32 v0.1.0 (/opt/rustwide/workdir/libs/pub_arb/non_neg_f32)
[INFO] [stderr]     Checking pub_arb_pos_f32 v0.1.0 (/opt/rustwide/workdir/libs/pub_arb/pos_f32)
[INFO] [stderr]     Checking pub_arb_std v0.1.0 (/opt/rustwide/workdir/libs/pub_arb/std)
[INFO] [stderr]    Compiling system-deps v6.0.2
[INFO] [stderr]     Checking pub_arb_text_pos v0.1.0 (/opt/rustwide/workdir/libs/pub_arb/text_pos)
[INFO] [stderr]    Compiling quick-xml v0.22.0
[INFO] [stderr]     Checking pub_arb_vec1 v0.1.0 (/opt/rustwide/workdir/libs/pub_arb/vec1)
[INFO] [stderr]     Checking pub_arb_g_i v0.1.0 (/opt/rustwide/workdir/libs/pub_arb/g_i)
[INFO] [stderr]     Checking regex v1.5.6
[INFO] [stderr]     Checking platform_types v0.1.0 (/opt/rustwide/workdir/libs/platform_types)
[INFO] [stderr]    Compiling parsers v0.1.0 (/opt/rustwide/workdir/libs/parsers)
[INFO] [stderr]     Checking wayland-cursor v0.29.4
[INFO] [stderr]     Checking wayland-egl v0.29.4
[INFO] [stderr]    Compiling xcb v1.1.1
[INFO] [stderr]    Compiling glib-sys v0.15.10
[INFO] [stderr]    Compiling gobject-sys v0.15.10
[INFO] [stderr]    Compiling atk-sys v0.15.1
[INFO] [stderr]     Checking gl_layer_types v0.1.0 (/opt/rustwide/workdir/libs/platform_layer/libs/window_layer/gl_layer/gl_layer_types)
[INFO] [stderr]     Checking editor_types v0.1.0 (/opt/rustwide/workdir/libs/editor_types)
[INFO] [stderr]     Checking rasterizer v0.1.0 (/opt/rustwide/workdir/libs/platform_layer/libs/window_layer/gl_layer/text_rendering/rasterizer)
[INFO] [stderr]     Checking rope_pos v0.1.0 (/opt/rustwide/workdir/libs/rope_pos)
[INFO] [stderr]     Checking glyph_brush v0.6.3 (/opt/rustwide/workdir/libs/platform_layer/libs/window_layer/gl_layer/text_rendering/glyph-brush)
[INFO] [stderr]     Checking open_gl v0.1.0 (/opt/rustwide/workdir/libs/platform_layer/libs/window_layer/gl_layer/open_gl)
[INFO] [stderr]     Checking pub_arb_platform_types v0.1.0 (/opt/rustwide/workdir/libs/pub_arb/platform_types)
[INFO] [stderr]     Checking cursors v0.1.0 (/opt/rustwide/workdir/libs/cursors)
[INFO] [stderr]     Checking text_rendering v0.1.0 (/opt/rustwide/workdir/libs/platform_layer/libs/window_layer/gl_layer/text_rendering)
[INFO] [stderr]     Checking move_cursor v0.1.0 (/opt/rustwide/workdir/libs/move_cursor)
[INFO] [stderr]    Compiling gdk-sys v0.15.1
[INFO] [stderr]    Compiling gio-sys v0.15.10
[INFO] [stderr]     Checking pub_arb_cursors v0.1.0 (/opt/rustwide/workdir/libs/pub_arb/cursors)
[INFO] [stderr]     Checking edit v0.1.0 (/opt/rustwide/workdir/libs/edit)
[INFO] [stderr]     Checking gl_layer v0.1.0 (/opt/rustwide/workdir/libs/platform_layer/libs/window_layer/gl_layer)
[INFO] [stderr]    Compiling cairo-sys-rs v0.15.1
[INFO] [stdout] warning: private item shadows public glob re-export
[INFO] [stdout]  --> libs/platform_layer/libs/window_layer/gl_layer/./src/gl_layer.rs:4:5
[INFO] [stdout]   |
[INFO] [stdout] 1 | pub use gl_layer_types::*;
[INFO] [stdout]   |         ----------------- the name `Res` in the type namespace is supposed to be publicly re-exported here
[INFO] [stdout] ...
[INFO] [stdout] 4 | use shared::Res;
[INFO] [stdout]   |     ^^^^^^^^^^^ but the private item here shadows it
[INFO] [stdout]   |
[INFO] [stdout]   = note: `#[warn(hidden_glob_reexports)]` on by default
[INFO] [stdout] 
[INFO] [stdout] 
[INFO] [stdout] warning: 1 warning emitted
[INFO] [stdout] 
[INFO] [stdout] 
[INFO] [stderr]    Compiling gdk-pixbuf-sys v0.15.10
[INFO] [stderr]    Compiling pango-sys v0.15.10
[INFO] [stderr]     Checking difference v2.0.0
[INFO] [stderr]     Checking pub_arb_edit v0.1.0 (/opt/rustwide/workdir/libs/pub_arb/edit)
[INFO] [stderr]     Checking pretty_assertions v0.6.1
[INFO] [stderr]    Compiling gtk-sys v0.15.3
[INFO] [stderr]     Checking getrandom v0.1.16
[INFO] [stderr]    Compiling crossbeam-utils v0.8.8
[INFO] [stderr]    Compiling semver v1.0.10
[INFO] [stderr]     Checking rand_core v0.5.1
[INFO] [stderr]     Checking text_buffer_testing v0.1.0 (/opt/rustwide/workdir/libs/text_buffer_testing)
[INFO] [stderr]     Checking search v0.1.0 (/opt/rustwide/workdir/libs/search)
[INFO] [stderr]     Checking atomicwrites v0.3.1
[INFO] [stderr]    Compiling rfd v0.8.4
[INFO] [stderr]    Compiling serde_json v1.0.81
[INFO] [stderr]     Checking ryu v1.0.10
[INFO] [stderr]    Compiling syn v1.0.96
[INFO] [stderr]     Checking rand_chacha v0.2.2
[INFO] [stderr]    Compiling crossbeam-epoch v0.9.8
[INFO] [stderr]     Checking itoa v1.0.2
[INFO] [stderr]    Compiling serde_derive v1.0.137
[INFO] [stderr]     Checking rand v0.7.3
[INFO] [stderr]    Compiling rustc_version v0.4.0
[INFO] [stderr]     Checking text_buffer v0.1.0 (/opt/rustwide/workdir/libs/text_buffer)
[INFO] [stderr]     Checking atomically v0.1.0 (/opt/rustwide/workdir/libs/platform_layer/libs/atomically)
[INFO] [stderr]    Compiling rayon-core v1.9.3
[INFO] [stderr]    Compiling cast v0.2.7
[INFO] [stderr]     Checking dirs-sys v0.3.7
[INFO] [stderr]     Checking crossbeam-deque v0.8.1
[INFO] [stderr]     Checking directories v2.0.2
[INFO] [stderr]     Checking crossbeam-channel v0.5.4
[INFO] [stderr]    Compiling rayon v1.5.3
[INFO] [stderr]     Checking paths v0.1.0 (/opt/rustwide/workdir/libs/paths)
[INFO] [stderr]     Checking plotters-svg v0.3.1
[INFO] [stderr]     Checking textwrap v0.11.0
[INFO] [stderr]     Checking file_chooser v0.1.0 (/opt/rustwide/workdir/libs/platform_layer/libs/file_chooser)
[INFO] [stderr]     Checking bstr v0.2.17
[INFO] [stderr]     Checking csv-core v0.1.10
[INFO] [stderr]     Checking half v1.8.2
[INFO] [stderr]    Compiling proc-macro2 v0.4.30
[INFO] [stderr]     Checking criterion-plot v0.4.4
[INFO] [stderr]     Checking csv v1.1.6
[INFO] [stderr]     Checking serde_cbor v0.11.2
[INFO] [stderr]     Checking clap v2.34.0
[INFO] [stderr]     Checking plotters v0.3.1
[INFO] [stderr]     Checking tinytemplate v1.2.1
[INFO] [stderr]     Checking editor v0.1.0 (/opt/rustwide/workdir/libs/editor)
[INFO] [stderr]     Checking atty v0.2.14
[INFO] [stderr]     Checking oorandom v11.1.3
[INFO] [stderr]     Checking unicode-xid v0.1.0
[INFO] [stderr]    Compiling syn v0.15.44
[INFO] [stderr]     Checking quote v0.6.13
[INFO] [stderr]     Checking thread-id v3.3.0
[INFO] [stderr]     Checking lazy_static v0.2.11
[INFO] [stderr]     Checking pub_arb_text_buffer v0.1.0 (/opt/rustwide/workdir/libs/pub_arb/text_buffer)
[INFO] [stderr]     Checking ttf-parser v0.15.1
[INFO] [stderr]     Checking pub_arb_rust_code v0.1.0 (/opt/rustwide/workdir/libs/pub_arb/rust_code)
[INFO] [stdout] warning: private item shadows public glob re-export
[INFO] [stdout]  --> libs/platform_layer/libs/window_layer/gl_layer/./src/gl_layer.rs:4:5
[INFO] [stdout]   |
[INFO] [stdout] 1 | pub use gl_layer_types::*;
[INFO] [stdout]   |         ----------------- the name `Res` in the type namespace is supposed to be publicly re-exported here
[INFO] [stdout] ...
[INFO] [stdout] 4 | use shared::Res;
[INFO] [stdout]   |     ^^^^^^^^^^^ but the private item here shadows it
[INFO] [stdout]   |
[INFO] [stdout]   = note: `#[warn(hidden_glob_reexports)]` on by default
[INFO] [stdout] 
[INFO] [stdout] 
[INFO] [stdout] warning: 1 warning emitted
[INFO] [stdout] 
[INFO] [stdout] 
[INFO] [stderr]     Checking glutin v0.28.0
[INFO] [stderr]     Checking glutin_wrapper v0.1.0 (/opt/rustwide/workdir/libs/platform_layer/libs/window_layer/glutin_wrapper)
[INFO] [stderr]     Checking window_layer v0.1.0 (/opt/rustwide/workdir/libs/platform_layer/libs/window_layer)
[INFO] [stderr]     Checking x11-clipboard v0.6.1
[INFO] [stderr]     Checking clipboard v0.5.0 (/opt/rustwide/workdir/libs/clipboard)
[INFO] [stderr]     Checking wimp_types v0.1.0 (/opt/rustwide/workdir/libs/platform_layer/libs/wimp_types)
[INFO] [stderr]     Checking edited_storage v0.1.0 (/opt/rustwide/workdir/libs/platform_layer/libs/edited_storage)
[INFO] [stderr]     Checking editor_thread v0.1.0 (/opt/rustwide/workdir/libs/platform_layer/libs/editor_thread)
[INFO] [stderr]     Checking path_mailbox v0.1.0 (/opt/rustwide/workdir/libs/platform_layer/libs/path_mailbox)
[INFO] [stderr]     Checking wimp_render v0.1.0 (/opt/rustwide/workdir/libs/platform_layer/libs/wimp_render)
[INFO] [stderr]     Checking wimp v0.0.1 (/opt/rustwide/workdir/libs/platform_layer/libs/wimp)
[INFO] [stderr]     Checking criterion v0.3.5
[INFO] [stderr]     Checking flame v0.2.2
[INFO] [stderr]     Checking flamer v0.3.0 (/opt/rustwide/workdir/libs/perf_viz/libs/flamer)
[INFO] [stderr]     Checking platform_layer v0.0.1 (/opt/rustwide/workdir/libs/platform_layer)
[INFO] [stderr]     Checking rote v0.2.349 (/opt/rustwide/workdir)
[INFO] [stdout] error[E0432]: unresolved import `glutin`
[INFO] [stdout]  --> libs/platform_layer/libs/wimp/benches/rendering.rs:2:5
[INFO] [stdout]   |
[INFO] [stdout] 2 | use glutin::{Api, GlProfile, GlRequest};
[INFO] [stdout]   |     ^^^^^^ use of undeclared crate or module `glutin`
[INFO] [stdout] 
[INFO] [stdout] 
[INFO] [stdout] error[E0432]: unresolved import `glyph_brush`
[INFO] [stdout]  --> libs/platform_layer/libs/wimp/benches/rendering.rs:3:5
[INFO] [stdout]   |
[INFO] [stdout] 3 | use glyph_brush::GlyphBrush;
[INFO] [stdout]   |     ^^^^^^^^^^^ use of undeclared crate or module `glyph_brush`
[INFO] [stdout] 
[INFO] [stdout] 
[INFO] [stdout] error[E0432]: unresolved import `gl_layer`
[INFO] [stdout]  --> libs/platform_layer/libs/wimp/benches/rendering.rs:6:5
[INFO] [stdout]   |
[INFO] [stdout] 6 | use gl_layer::{RenderExtras, Vertex};
[INFO] [stdout]   |     ^^^^^^^^ use of undeclared crate or module `gl_layer`
[INFO] [stdout] 
[INFO] [stdout] 
[INFO] [stdout] error[E0432]: unresolved import `opengl`
[INFO] [stdout]  --> libs/platform_layer/libs/wimp/benches/rendering.rs:7:5
[INFO] [stdout]   |
[INFO] [stdout] 7 | use opengl::{get_glyph_brush, render_buffer_view, FontInfo};
[INFO] [stdout]   |     ^^^^^^ use of undeclared crate or module `opengl`
[INFO] [stdout] 
[INFO] [stdout] 
[INFO] [stdout] error[E0433]: failed to resolve: use of undeclared crate or module `glutin`
[INFO] [stdout]   --> libs/platform_layer/libs/wimp/benches/rendering.rs:58:26
[INFO] [stdout]    |
[INFO] [stdout] 58 |     let glutin_context = glutin::ContextBuilder::new()
[INFO] [stdout]    |                          ^^^^^^ use of undeclared crate or module `glutin`
[INFO] [stdout] 
[INFO] [stdout] 
[INFO] [stdout] error[E0433]: failed to resolve: use of undeclared crate or module `glutin`
[INFO] [stdout]   --> libs/platform_layer/libs/wimp/benches/rendering.rs:63:13
[INFO] [stdout]    |
[INFO] [stdout] 63 |             glutin::WindowBuilder::new()
[INFO] [stdout]    |             ^^^^^^ use of undeclared crate or module `glutin`
[INFO] [stdout] 
[INFO] [stdout] 
[INFO] [stdout] error[E0433]: failed to resolve: use of undeclared crate or module `glutin`
[INFO] [stdout]   --> libs/platform_layer/libs/wimp/benches/rendering.rs:66:14
[INFO] [stdout]    |
[INFO] [stdout] 66 |             &glutin::EventsLoop::new(),
[INFO] [stdout]    |              ^^^^^^ use of undeclared crate or module `glutin`
[INFO] [stdout] 
[INFO] [stdout] 
[INFO] [stdout] warning: unnecessary trailing semicolon
[INFO] [stdout]   --> libs/platform_layer/libs/wimp/benches/rendering.rs:21:19
[INFO] [stdout]    |
[INFO] [stdout] 21 |                 );;
[INFO] [stdout]    |                   ^ help: remove this semicolon
[INFO] [stdout]    |
[INFO] [stdout]    = note: `#[warn(redundant_semicolons)]` on by default
[INFO] [stdout] 
[INFO] [stdout] 
[INFO] [stdout] error[E0433]: failed to resolve: use of undeclared crate or module `gl_layer`
[INFO] [stdout]   --> libs/platform_layer/libs/wimp/benches/rendering.rs:46:5
[INFO] [stdout]    |
[INFO] [stdout] 46 |     gl_layer::render(
[INFO] [stdout]    |     ^^^^^^^^ use of undeclared crate or module `gl_layer`
[INFO] [stdout] 
[INFO] [stdout] 
[INFO] [stdout] error[E0433]: failed to resolve: use of undeclared crate or module `gl_layer`
[INFO] [stdout]   --> libs/platform_layer/libs/wimp/benches/rendering.rs:84:21
[INFO] [stdout]    |
[INFO] [stdout] 84 |                     gl_layer::init(&glyph_brush, |symbol| window.get_proc_address(symbol) as _)
[INFO] [stdout]    |                     ^^^^^^^^ use of undeclared crate or module `gl_layer`
[INFO] [stdout] 
[INFO] [stdout] 
[INFO] [stdout] error[E0433]: failed to resolve: use of undeclared crate or module `gl_layer`
[INFO] [stdout]    --> libs/platform_layer/libs/wimp/benches/rendering.rs:125:21
[INFO] [stdout]     |
[INFO] [stdout] 125 |                     gl_layer::init(&glyph_brush, |symbol| window.get_proc_address(symbol) as _)
[INFO] [stdout]     |                     ^^^^^^^^ use of undeclared crate or module `gl_layer`
[INFO] [stdout] 
[INFO] [stdout] 
[INFO] [stdout] error[E0433]: failed to resolve: use of undeclared crate or module `glutin`
[INFO] [stdout]   --> libs/platform_layer/libs/wimp/benches/rendering.rs:36:15
[INFO] [stdout]    |
[INFO] [stdout] 36 | type Window = glutin::WindowedContext<glutin::PossiblyCurrent>;
[INFO] [stdout]    |               ^^^^^^ use of undeclared crate or module `glutin`
[INFO] [stdout] 
[INFO] [stdout] 
[INFO] [stdout] error[E0433]: failed to resolve: use of undeclared crate or module `glutin`
[INFO] [stdout]   --> libs/platform_layer/libs/wimp/benches/rendering.rs:36:39
[INFO] [stdout]    |
[INFO] [stdout] 36 | type Window = glutin::WindowedContext<glutin::PossiblyCurrent>;
[INFO] [stdout]    |                                       ^^^^^^ use of undeclared crate or module `glutin`
[INFO] [stdout] 
[INFO] [stdout] 
[INFO] [stdout] error[E0433]: failed to resolve: use of undeclared crate or module `gl_layer`
[INFO] [stdout]   --> libs/platform_layer/libs/wimp/benches/rendering.rs:40:14
[INFO] [stdout]    |
[INFO] [stdout] 40 |         &mut gl_layer::State,
[INFO] [stdout]    |              ^^^^^^^^ use of undeclared crate or module `gl_layer`
[INFO] [stdout] 
[INFO] [stdout] 
[INFO] [stdout] error: aborting due to 13 previous errors; 1 warning emitted
[INFO] [stdout] 
[INFO] [stdout] 
[INFO] [stdout] Some errors have detailed explanations: E0432, E0433.
[INFO] [stdout] 
[INFO] [stdout] For more information about an error, try `rustc --explain E0432`.
[INFO] [stdout] 
[INFO] [stderr] error: could not compile `wimp` (bench "rendering") due to 14 previous errors; 1 warning emitted
[INFO] [stderr] warning: build failed, waiting for other jobs to finish...
[INFO] [stdout] warning: variable does not need to be mutable
[INFO] [stdout]     --> libs/editor/./src/tests/update_and_render.rs:1160:9
[INFO] [stdout]      |
[INFO] [stdout] 1160 |     let mut buffer = state.buffers.get_current_buffer_mut();
[INFO] [stdout]      |         ----^^^^^^
[INFO] [stdout]      |         |
[INFO] [stdout]      |         help: remove this `mut`
[INFO] [stdout]      |
[INFO] [stdout]      = note: `#[warn(unused_mut)]` on by default
[INFO] [stdout] 
[INFO] [stdout] 
[INFO] [stdout] warning: variable does not need to be mutable
[INFO] [stdout]     --> libs/editor/./src/tests/update_and_render.rs:1195:9
[INFO] [stdout]      |
[INFO] [stdout] 1195 |     let mut buffer = state.buffers.get_current_buffer_mut();
[INFO] [stdout]      |         ----^^^^^^
[INFO] [stdout]      |         |
[INFO] [stdout]      |         help: remove this `mut`
[INFO] [stdout] 
[INFO] [stdout] 
[INFO] [stdout] warning: 2 warnings emitted
[INFO] [stdout] 
[INFO] [stdout] 
[INFO] running `Command { std: "docker" "inspect" "1a83438e15d843fe6016ede92a486ce09bf3f1819df2bb055e49c7c019d370f2", kill_on_drop: false }`
[INFO] running `Command { std: "docker" "rm" "-f" "1a83438e15d843fe6016ede92a486ce09bf3f1819df2bb055e49c7c019d370f2", kill_on_drop: false }`
[INFO] [stdout] 1a83438e15d843fe6016ede92a486ce09bf3f1819df2bb055e49c7c019d370f2
